{"id":540,"date":"2018-11-27T09:16:54","date_gmt":"2018-11-27T09:16:54","guid":{"rendered":"http:\/\/localhost\/home\/"},"modified":"2026-04-13T23:12:08","modified_gmt":"2026-04-13T21:12:08","slug":"home","status":"publish","type":"page","link":"https:\/\/www.vinarius.ch\/","title":{"rendered":"Home"},"content":{"rendered":"\t\t<div data-elementor-type=\"wp-page\" data-elementor-id=\"540\" class=\"elementor elementor-540\" data-elementor-settings=\"[]\">\n\t\t\t\t\t\t\t<div class=\"elementor-section-wrap\">\n\t\t\t\t\t\t\t<section class=\"elementor-section elementor-top-section elementor-element elementor-element-c50838b elementor-section-height-full elementor-section-boxed elementor-section-height-default elementor-section-items-middle elementor-invisible\" data-id=\"c50838b\" data-element_type=\"section\" data-settings=\"{&quot;background_background&quot;:&quot;classic&quot;,&quot;animation&quot;:&quot;fadeIn&quot;}\">\n\t\t\t\t\t\t\t<div class=\"elementor-background-overlay\"><\/div>\n\t\t\t\t\t\t\t<div class=\"elementor-container elementor-column-gap-default\">\n\t\t\t\t\t<div class=\"elementor-column elementor-col-50 elementor-top-column elementor-element elementor-element-55b0429\" data-id=\"55b0429\" data-element_type=\"column\">\n\t\t\t<div class=\"elementor-widget-wrap elementor-element-populated\">\n\t\t\t\t\t\t\t\t<div class=\"elementor-element elementor-element-453e782 elementor-widget elementor-widget-heading\" data-id=\"453e782\" data-element_type=\"widget\" data-widget_type=\"heading.default\">\n\t\t\t\t<div class=\"elementor-widget-container\">\n\t\t\t<h1 class=\"elementor-heading-title elementor-size-default\">Vinarius<\/h1>\t\t<\/div>\n\t\t\t\t<\/div>\n\t\t\t\t<div class=\"elementor-element elementor-element-3428592 elementor-widget elementor-widget-heading\" data-id=\"3428592\" data-element_type=\"widget\" data-widget_type=\"heading.default\">\n\t\t\t\t<div class=\"elementor-widget-container\">\n\t\t\t<h3 class=\"elementor-heading-title elementor-size-default\">Freude &amp; Genuss<\/h3>\t\t<\/div>\n\t\t\t\t<\/div>\n\t\t\t\t<div class=\"elementor-element elementor-element-6d0d9cb elementor-align-left elementor-hidden-tablet elementor-hidden-phone elementor-widget elementor-widget-button\" data-id=\"6d0d9cb\" data-element_type=\"widget\" data-widget_type=\"button.default\">\n\t\t\t\t<div class=\"elementor-widget-container\">\n\t\t\t\t\t<div class=\"elementor-button-wrapper\">\n\t\t\t<a href=\"#news\" class=\"elementor-button-link elementor-button elementor-size-sm\" role=\"button\">\n\t\t\t\t\t\t<span class=\"elementor-button-content-wrapper\">\n\t\t\t\t\t\t<span class=\"elementor-button-text\">Mehr erfahren<\/span>\n\t\t<\/span>\n\t\t\t\t\t<\/a>\n\t\t<\/div>\n\t\t\t\t<\/div>\n\t\t\t\t<\/div>\n\t\t\t\t\t<\/div>\n\t\t<\/div>\n\t\t\t\t<div class=\"elementor-column elementor-col-50 elementor-top-column elementor-element elementor-element-79b148e\" data-id=\"79b148e\" data-element_type=\"column\">\n\t\t\t<div class=\"elementor-widget-wrap\">\n\t\t\t\t\t\t\t\t\t<\/div>\n\t\t<\/div>\n\t\t\t\t\t\t\t<\/div>\n\t\t<\/section>\n\t\t\t\t<section class=\"elementor-section elementor-top-section elementor-element elementor-element-01ffef0 elementor-section-boxed elementor-section-height-default elementor-section-height-default\" data-id=\"01ffef0\" data-element_type=\"section\">\n\t\t\t\t\t\t<div class=\"elementor-container elementor-column-gap-default\">\n\t\t\t\t\t<div class=\"elementor-column elementor-col-100 elementor-top-column elementor-element elementor-element-0aa0836\" data-id=\"0aa0836\" data-element_type=\"column\">\n\t\t\t<div class=\"elementor-widget-wrap elementor-element-populated\">\n\t\t\t\t\t\t\t\t<div class=\"elementor-element elementor-element-84b28a4 elementor-widget elementor-widget-text-editor\" data-id=\"84b28a4\" data-element_type=\"widget\" data-widget_type=\"text-editor.default\">\n\t\t\t\t<div class=\"elementor-widget-container\">\n\t\t\t\t\t\t\t<p><strong>Fr\u00fchjahrsdegustation 2026<\/strong><\/p><p class=\"font-claude-response-body break-words whitespace-normal leading-[1.7]\">Liebe Weinfreundinnen und Weinfreunde<\/p><p class=\"font-claude-response-body break-words whitespace-normal leading-[1.7]\">Nebst dem ersten <strong>Rosato Colombi 2025 von Degiorgis<\/strong>, einem Ros\u00e9 aus Nebbiolo und Pinot Nero meines Rebbergs, pr\u00e4sentieren wir zwei frische, elegante Weissweine des Jahrgangs 2025: den <strong>Casal del Piano von Ugolino<\/strong> und den<strong> Le Clos blanc von der Domaine Boudau<\/strong>. Von allen drei Produzenten zeigen wir Ihnen zudem die feinen, fruchtigen Rotweine, darunter als besonderes Highlight den ersten <strong>Nebbiolo Langhe 2024 aus meinem Rebberg Colombi<\/strong>.<\/p><p class=\"font-claude-response-body break-words whitespace-normal leading-[1.7]\">Wir freuen uns, Ihnen diese 11 interessanten Tropfen am <strong>H\u00f6henweg 12 in B\u00e4nk (D\u00e4gerlen)<\/strong> zu pr\u00e4sentieren:<\/p><ul><li class=\"font-claude-response-body break-words whitespace-pre-wrap leading-[1.7]\"><strong>Freitag, 8. Mai, 17.00 bis 20.00 Uhr<\/strong><\/li><li class=\"font-claude-response-body break-words whitespace-pre-wrap leading-[1.7]\"><strong>Samstag, 9. Mai, 16.00 bis 19.00 Uhr<\/strong><\/li><\/ul><p class=\"font-claude-response-body break-words whitespace-normal leading-[1.7]\"><strong><a href=\"https:\/\/www.vinarius.ch\/wp-content\/uploads\/2026\/04\/2026-04-13_Degustationsliste.pdf\">Degustationsliste<\/a><\/strong><\/p><p class=\"font-claude-response-body break-words whitespace-normal leading-[1.7]\">Dazu gibt es den hervorragenden <strong>Alpk\u00e4se von der Alp Pras\u00fcra<\/strong>, gelegen im Naturpark Biosfera Val M\u00fcstair auf 2200 m \u00fc. M. Ich erhalte den letzten K\u00e4selaib von Sennin Marianne Berger aus Rutschwil. Solange der Vorrat reicht, k\u00f6nnen Sie ihn nicht nur zu den Weinen kosten, sondern auch ein H\u00e4ppchen mitnehmen.<\/p><p class=\"font-claude-response-body break-words whitespace-normal leading-[1.7]\">B\u00e4nk (D\u00e4gerlen), Hanfland, ist mit <strong>\u00f6ffentlichen Verkehrsmitteln<\/strong> tags\u00fcber zweimal st\u00fcndlich und abends einmal st\u00fcndlich erreichbar. Mit dem Auto k\u00f6nnen Sie selbstverst\u00e4ndlich bei mir parkieren.<\/p><p class=\"font-claude-response-body break-words whitespace-normal leading-[1.7]\">Bestellungen nehmen wir auch gerne im <strong><a href=\"https:\/\/shop.vinarius.ch\/de\/weinshop\/default.htm\">Shop<\/a> <\/strong>entgegen.<\/p><p class=\"font-claude-response-body break-words whitespace-normal leading-[1.7]\">Sch\u00f6nen Fr\u00fchling und herzliche Gr\u00fcsse<\/p><p>Pasquale Comi und Familie<\/p>\t\t\t\t\t\t<\/div>\n\t\t\t\t<\/div>\n\t\t\t\t<section class=\"elementor-section elementor-inner-section elementor-element elementor-element-836f80e elementor-section-boxed elementor-section-height-default elementor-section-height-default\" data-id=\"836f80e\" data-element_type=\"section\">\n\t\t\t\t\t\t<div class=\"elementor-container elementor-column-gap-default\">\n\t\t\t\t\t<div class=\"elementor-column elementor-col-100 elementor-inner-column elementor-element elementor-element-7ead40b\" data-id=\"7ead40b\" data-element_type=\"column\">\n\t\t\t<div class=\"elementor-widget-wrap elementor-element-populated\">\n\t\t\t\t\t\t\t\t<div class=\"elementor-element elementor-element-24f7793 elementor-widget elementor-widget-heading\" data-id=\"24f7793\" data-element_type=\"widget\" data-widget_type=\"heading.default\">\n\t\t\t\t<div class=\"elementor-widget-container\">\n\t\t\t<h2 class=\"elementor-heading-title elementor-size-default\">Aktuelle Weine<\/h2>\t\t<\/div>\n\t\t\t\t<\/div>\n\t\t\t\t\t<\/div>\n\t\t<\/div>\n\t\t\t\t\t\t\t<\/div>\n\t\t<\/section>\n\t\t\t\t<section class=\"elementor-section elementor-inner-section elementor-element elementor-element-2fe7115 elementor-section-boxed elementor-section-height-default elementor-section-height-default\" data-id=\"2fe7115\" data-element_type=\"section\" id=\"event\">\n\t\t\t\t\t\t<div class=\"elementor-container elementor-column-gap-default\">\n\t\t\t\t\t<div class=\"elementor-column elementor-col-100 elementor-inner-column elementor-element elementor-element-5b8fc87\" data-id=\"5b8fc87\" data-element_type=\"column\">\n\t\t\t<div class=\"elementor-widget-wrap elementor-element-populated\">\n\t\t\t\t\t\t\t\t\t<\/div>\n\t\t<\/div>\n\t\t\t\t\t\t\t<\/div>\n\t\t<\/section>\n\t\t\t\t<div class=\"elementor-element elementor-element-30136bd elementor-widget elementor-widget-spacer\" data-id=\"30136bd\" data-element_type=\"widget\" data-widget_type=\"spacer.default\">\n\t\t\t\t<div class=\"elementor-widget-container\">\n\t\t\t\t\t<div class=\"elementor-spacer\">\n\t\t\t<div class=\"elementor-spacer-inner\"><\/div>\n\t\t<\/div>\n\t\t\t\t<\/div>\n\t\t\t\t<\/div>\n\t\t\t\t<div class=\"elementor-element elementor-element-c1a4169 elementor-widget elementor-widget-advanced-carousel\" data-id=\"c1a4169\" data-element_type=\"widget\" data-widget_type=\"advanced-carousel.default\">\n\t\t\t\t<div class=\"elementor-widget-container\">\n\t\t\t\r\n\t\t<!--====== HTML CODING START ========-->\r\n\r\n\t\t<section class=\"tm-slider slider  default-tdt\" id=\"tdt-slider-6\" data-mobiles=\"1\" data-tabs=\"1\" data-slick='{\"arrows\": true, \"autoplaySpeed\": 2500, \"dots\": false, \"autoplay\": false, \"infinite\": true, \"adaptiveHeight\": true, \"pauseOnHover\": true, \"slidesToShow\": 2, \"slidesToScroll\": 1, \"fade\": false, \"touchThreshold\": 5}'>\r\n\t\t\t\t\t\t\t  <div>\r\n\t\t\t\t  \t\t\t\t\t\t\t\t\t\t\t\t<a>\r\n\t\t\t\t\t\t\t\t\t\t\t\t\t\t\t\t<span class=\"ultimate-slide-img\" style=\"max-width: 100%; border-radius: ; margin-bottom: 15px;\">\r\n\t\t\t\t\t  \t\t<img loading=\"lazy\" decoding=\"async\" width=\"95\" height=\"300\" src=\"https:\/\/www.vinarius.ch\/wp-content\/uploads\/2021\/06\/Ferriere-95x300.jpg\" class=\"attachment-medium size-medium\" alt=\"\" srcset=\"https:\/\/www.vinarius.ch\/wp-content\/uploads\/2021\/06\/Ferriere-95x300.jpg 95w, https:\/\/www.vinarius.ch\/wp-content\/uploads\/2021\/06\/Ferriere.jpg 318w\" sizes=\"auto, (max-width: 95px) 100vw, 95px\" \/>\t\t\t\t\t\t<\/span>\r\n\t\t\t\t\t\t\r\n\t\t\t\t\t\t<\/a>\r\n\t\t\t\t  \t<span class=\"content-section\">\r\n\t\t\t\t\t  \t<div class=\"brand\">Ch\u00e2teau Ferri\u00e8re<\/div><div class=\"brand\">3eme cru class\u00e9<\/div><div class=\"brand\">2022<\/div><div>\u00a0<\/div><div>\u00a0<\/div><div class=\"description\">Margaux AOP, Frankreich<\/div><div class=\"description\">75cl<\/div><div class=\"price\">CHF 44.00 <del><br \/><\/del><\/div><br>\r\n\r\n\t\t\t\t\t  \t\t\t\t\t\t  \t<p>&nbsp;<\/p>\r\n\t\t\t\t  \t<\/span>\r\n\t\t\t\t  <\/div>\r\n\t\t\t\t\t\t\t  <div>\r\n\t\t\t\t  \t\t\t\t\t\t\t\t\t\t\t\t<a>\r\n\t\t\t\t\t\t\t\t\t\t\t\t\t\t\t\t<span class=\"ultimate-slide-img\" style=\"max-width: 100%; border-radius: ; margin-bottom: 15px;\">\r\n\t\t\t\t\t  \t\t<img loading=\"lazy\" decoding=\"async\" width=\"113\" height=\"300\" src=\"https:\/\/www.vinarius.ch\/wp-content\/uploads\/2022\/10\/Cafaggio-113x300.png\" class=\"attachment-medium size-medium\" alt=\"\" srcset=\"https:\/\/www.vinarius.ch\/wp-content\/uploads\/2022\/10\/Cafaggio-113x300.png 113w, https:\/\/www.vinarius.ch\/wp-content\/uploads\/2022\/10\/Cafaggio.png 188w\" sizes=\"auto, (max-width: 113px) 100vw, 113px\" \/>\t\t\t\t\t\t<\/span>\r\n\t\t\t\t\t\t\r\n\t\t\t\t\t\t<\/a>\r\n\t\t\t\t  \t<span class=\"content-section\">\r\n\t\t\t\t\t  \t<div class=\"brand\">\u00a0<\/div><div class=\"brand\">Cafaggio<\/div><div class=\"brand\">Chianti Classico DOCG<\/div><div class=\"brand\">2019<\/div><div>\u00a0<\/div><div>\u00a0<\/div><div class=\"description\">Toscana, Italien<\/div><div class=\"description\">75cl<\/div><div class=\"price\">CHF 18.00<del><br \/><\/del><\/div><br>\r\n\r\n\t\t\t\t\t  \t\t\t\t\t\t  \t<p>&nbsp;<\/p>\r\n\t\t\t\t  \t<\/span>\r\n\t\t\t\t  <\/div>\r\n\t\t\t\t\t<\/section>\r\n\r\n\t\t<style>\r\n\t\t\t#tdt-slider-6 .slick-prev {\r\n\t\t\t\tleft: 0px !important;\r\n\t\t\t}\r\n\t\t\t#tdt-slider-6 .slick-next {\r\n\t\t\t\tright: 0px !important;\r\n\t\t\t}\r\n\t\t\t#tdt-slider-6.content-over-slider .slick-slide .content-section {\r\n\t\t\t\ttop: %;\r\n\t\t\t}\r\n\t\t\t@media only screen and (max-width: 480px) {\r\n\t\t\t\t#tdt-slider-6.content-over-slider .slick-slide .content-section {\r\n\t\t\t\t\ttop: 35px !important;\r\n\t\t\t\t}\r\n\t\t\t\t#tdt-slider-6.content-over-slider .ultimate-slide-img img{\r\n\t\t\t\t\theight: px !important;\r\n\t\t\t\t\tobject-fit: cover;\r\n\t\t\t\t}\r\n\t\t\t\t#tdt-slider-6 .slick-prev, #tdt-slider-6 .slick-next {\r\n\t\t\t\t\tdisplay: block !important;\r\n\t\t\t\t}\r\n\t\t\t}\r\n\t\t<\/style>\r\n\r\n\t\t\t\t<\/div>\n\t\t\t\t<\/div>\n\t\t\t\t<div class=\"elementor-element elementor-element-5ac181c elementor-widget elementor-widget-premium-addon-button\" data-id=\"5ac181c\" data-element_type=\"widget\" data-widget_type=\"premium-addon-button.default\">\n\t\t\t\t<div class=\"elementor-widget-container\">\n\t\t\t\n\t<div class=\"premium-button-container\">\n\t\t<a class=\"premium-button premium-button-style1 premium-btn-lg premium-button-style1-bottom\" href=\"https:\/\/shop.vinarius.ch\/de\/weinshop\/default.htm\" target=\"_blank\">\n\t\t\t<div class=\"premium-button-text-icon-wrapper\">\n\t\t\t\t\t\t\t\t\t\t\t\t\t\t\t\t\t<span >\n\t\t\t\t\tZum Shop\t\t\t\t<\/span>\n\t\t\t\t\t\t\t\t\t\t\t\t\t\t\t\t\t\t\t\t\t\t<i aria-hidden=\"true\" class=\"fas fa-arrow-right\"><\/i>\t\t\t\t\t\t\t\t\t\t\t\t\t\t\t\t\t\t<\/div>\n\t\t\t\t\t\t\t\t<\/a>\n\t<\/div>\n\n\t\t\t\t<\/div>\n\t\t\t\t<\/div>\n\t\t\t\t<div class=\"elementor-element elementor-element-522c1b3 elementor-widget elementor-widget-spacer\" data-id=\"522c1b3\" data-element_type=\"widget\" data-widget_type=\"spacer.default\">\n\t\t\t\t<div class=\"elementor-widget-container\">\n\t\t\t\t\t<div class=\"elementor-spacer\">\n\t\t\t<div class=\"elementor-spacer-inner\"><\/div>\n\t\t<\/div>\n\t\t\t\t<\/div>\n\t\t\t\t<\/div>\n\t\t\t\t<div class=\"elementor-element elementor-element-ce1cafa elementor-widget elementor-widget-heading\" data-id=\"ce1cafa\" data-element_type=\"widget\" data-widget_type=\"heading.default\">\n\t\t\t\t<div class=\"elementor-widget-container\">\n\t\t\t<h2 class=\"elementor-heading-title elementor-size-default\">kommende Events<\/h2>\t\t<\/div>\n\t\t\t\t<\/div>\n\t\t\t\t<section class=\"elementor-section elementor-inner-section elementor-element elementor-element-6ade607 elementor-section-full_width elementor-section-height-default elementor-section-height-default\" data-id=\"6ade607\" data-element_type=\"section\">\n\t\t\t\t\t\t<div class=\"elementor-container elementor-column-gap-default\">\n\t\t\t\t\t<div class=\"elementor-column elementor-col-50 elementor-inner-column elementor-element elementor-element-f8425bc\" data-id=\"f8425bc\" data-element_type=\"column\" data-settings=\"{&quot;background_background&quot;:&quot;classic&quot;}\">\n\t\t\t<div class=\"elementor-widget-wrap elementor-element-populated\">\n\t\t\t\t\t\t\t\t<div class=\"elementor-element elementor-element-57f1037 event-date elementor-widget elementor-widget-text-editor\" data-id=\"57f1037\" data-element_type=\"widget\" data-widget_type=\"text-editor.default\">\n\t\t\t\t<div class=\"elementor-widget-container\">\n\t\t\t\t\t\t\t<p><strong>Fr\u00fchjahrsdegustation 2026<\/strong><\/p>\t\t\t\t\t\t<\/div>\n\t\t\t\t<\/div>\n\t\t\t\t<div class=\"elementor-element elementor-element-6821dc4 elementor-widget elementor-widget-text-editor\" data-id=\"6821dc4\" data-element_type=\"widget\" data-widget_type=\"text-editor.default\">\n\t\t\t\t<div class=\"elementor-widget-container\">\n\t\t\t\t\t\t\t<p>Freitag, 8.Mai, 17.00 &#8211; 20.00 Uhr<\/p><p>Samstag, 9.Mai, 16.00 &#8211; 19.00 Uhr<\/p>\t\t\t\t\t\t<\/div>\n\t\t\t\t<\/div>\n\t\t\t\t<div class=\"elementor-element elementor-element-fe067c1 elementor-widget elementor-widget-text-editor\" data-id=\"fe067c1\" data-element_type=\"widget\" data-widget_type=\"text-editor.default\">\n\t\t\t\t<div class=\"elementor-widget-container\">\n\t\t\t\t\t\t\t<p>H\u00f6henweg 12, 8471 B\u00e4nk (D\u00e4gerlen)<\/p>\t\t\t\t\t\t<\/div>\n\t\t\t\t<\/div>\n\t\t\t\t\t<\/div>\n\t\t<\/div>\n\t\t\t\t<div class=\"elementor-column elementor-col-50 elementor-inner-column elementor-element elementor-element-08547c3\" data-id=\"08547c3\" data-element_type=\"column\" data-settings=\"{&quot;background_background&quot;:&quot;classic&quot;}\">\n\t\t\t<div class=\"elementor-widget-wrap elementor-element-populated\">\n\t\t\t\t\t\t\t\t<div class=\"elementor-element elementor-element-ff640a7 event-date elementor-widget elementor-widget-text-editor\" data-id=\"ff640a7\" data-element_type=\"widget\" data-widget_type=\"text-editor.default\">\n\t\t\t\t<div class=\"elementor-widget-container\">\n\t\t\t\t\t\t\t\t\t\t\t\t\t<\/div>\n\t\t\t\t<\/div>\n\t\t\t\t<div class=\"elementor-element elementor-element-4d6eab0 elementor-widget elementor-widget-text-editor\" data-id=\"4d6eab0\" data-element_type=\"widget\" data-widget_type=\"text-editor.default\">\n\t\t\t\t<div class=\"elementor-widget-container\">\n\t\t\t\t\t\t\t\t\t\t\t\t\t<\/div>\n\t\t\t\t<\/div>\n\t\t\t\t\t<\/div>\n\t\t<\/div>\n\t\t\t\t\t\t\t<\/div>\n\t\t<\/section>\n\t\t\t\t<div class=\"elementor-element elementor-element-e3e24c1 elementor-widget elementor-widget-spacer\" data-id=\"e3e24c1\" data-element_type=\"widget\" data-widget_type=\"spacer.default\">\n\t\t\t\t<div class=\"elementor-widget-container\">\n\t\t\t\t\t<div class=\"elementor-spacer\">\n\t\t\t<div class=\"elementor-spacer-inner\"><\/div>\n\t\t<\/div>\n\t\t\t\t<\/div>\n\t\t\t\t<\/div>\n\t\t\t\t<section class=\"elementor-section elementor-inner-section elementor-element elementor-element-52927bf elementor-section-boxed elementor-section-height-default elementor-section-height-default\" data-id=\"52927bf\" data-element_type=\"section\">\n\t\t\t\t\t\t<div class=\"elementor-container elementor-column-gap-default\">\n\t\t\t\t\t<div class=\"elementor-column elementor-col-100 elementor-inner-column elementor-element elementor-element-82cb11c\" data-id=\"82cb11c\" data-element_type=\"column\">\n\t\t\t<div class=\"elementor-widget-wrap elementor-element-populated\">\n\t\t\t\t\t\t\t\t<div class=\"elementor-element elementor-element-bc829ef elementor-widget elementor-widget-heading\" data-id=\"bc829ef\" data-element_type=\"widget\" data-widget_type=\"heading.default\">\n\t\t\t\t<div class=\"elementor-widget-container\">\n\t\t\t<h2 class=\"elementor-heading-title elementor-size-default\">\u00dcber uns<\/h2>\t\t<\/div>\n\t\t\t\t<\/div>\n\t\t\t\t\t<\/div>\n\t\t<\/div>\n\t\t\t\t\t\t\t<\/div>\n\t\t<\/section>\n\t\t\t\t<section class=\"elementor-section elementor-inner-section elementor-element elementor-element-345b601 elementor-section-boxed elementor-section-height-default elementor-section-height-default\" data-id=\"345b601\" data-element_type=\"section\">\n\t\t\t\t\t\t<div class=\"elementor-container elementor-column-gap-default\">\n\t\t\t\t\t<div class=\"elementor-column elementor-col-50 elementor-inner-column elementor-element elementor-element-29689c9\" data-id=\"29689c9\" data-element_type=\"column\">\n\t\t\t<div class=\"elementor-widget-wrap elementor-element-populated\">\n\t\t\t\t\t\t\t\t<div class=\"elementor-element elementor-element-12914e4 elementor-widget elementor-widget-image\" data-id=\"12914e4\" data-element_type=\"widget\" data-widget_type=\"image.default\">\n\t\t\t\t<div class=\"elementor-widget-container\">\n\t\t\t\t\t\t\t\t\t\t\t\t\t\t\t<img decoding=\"async\" src=\"https:\/\/www.vinarius.ch\/wp-content\/uploads\/elementor\/thumbs\/IMG_20190831_160820-scaled-p9rx5k0qrtig81obgtnvkyqr638clwejfx1l2ik276.jpg\" title=\"IMG_20190831_160820\" alt=\"IMG_20190831_160820\" \/>\t\t\t\t\t\t\t\t\t\t\t\t\t\t\t<\/div>\n\t\t\t\t<\/div>\n\t\t\t\t\t<\/div>\n\t\t<\/div>\n\t\t\t\t<div class=\"elementor-column elementor-col-50 elementor-inner-column elementor-element elementor-element-4f85912\" data-id=\"4f85912\" data-element_type=\"column\">\n\t\t\t<div class=\"elementor-widget-wrap elementor-element-populated\">\n\t\t\t\t\t\t\t\t<div class=\"elementor-element elementor-element-8d52e9c elementor-widget elementor-widget-heading\" data-id=\"8d52e9c\" data-element_type=\"widget\" data-widget_type=\"heading.default\">\n\t\t\t\t<div class=\"elementor-widget-container\">\n\t\t\t<h3 class=\"elementor-heading-title elementor-size-default\">Die Geschichte hinter Vinarius<\/h3>\t\t<\/div>\n\t\t\t\t<\/div>\n\t\t\t\t<div class=\"elementor-element elementor-element-5c2d05d elementor-widget elementor-widget-text-editor\" data-id=\"5c2d05d\" data-element_type=\"widget\" data-widget_type=\"text-editor.default\">\n\t\t\t\t<div class=\"elementor-widget-container\">\n\t\t\t\t\t\t\t<p>Aus einem privaten Weinclub entstand 1987 die Weinhandlung Comi &amp; Graf. Neben Pasquale Comi und Stefan Graf waren Ruedi Steiger, Helena Steinmann und Beat L\u00fcthi die Gr\u00fcndungsmitglieder. Anfang der 90er Jahre kamen Giuliano Faoro und Isabelle Schnetzer hinzu.<\/p><p>W\u00e4hrend 20 Jahren betrieben sie die Weinhandlung hobbym\u00e4ssig, bereisten die Weingebiete Europas und importierten die meisten Weine selbst. \u00dcber die Jahre nahmen die beruflichen Belastungen der einzelnen Mitglieder vermehrt zu. Deshalb dr\u00e4ngte sich eine neue L\u00f6sung auf.<\/p><p>Stefan Graf, selber seit 20 Jahren hauptberuflich im Weinbau und Weinhandel t\u00e4tig, entschied sich, auf die Karte Eigenst\u00e4ndigkeit zu setzen. Per 1. April 2011 gr\u00fcndete er die Vinarius AG.<\/p><p>Am 1. September 2019 wurde unter der Leitung von Ennio Comi die Vinarius GmbH gegr\u00fcndet, mit der Absicht, die T\u00e4tigkeiten der Vinarius AG weiterzuf\u00fchren. Nebst den Mitgr\u00fcndern Alessandra, Laura, Andrea und Pasquale Comi, unterst\u00fctzen ihn auch die Familien Graf und Faoro.<\/p><p>Ab Oktober 2025 \u00fcbernahm das Gr\u00fcndungsmitglied Pasquale Comi die Leitung der Vinarius GmbH und verlegte das Lager zur\u00fcck an den Gr\u00fcndungsort: B\u00e4nk (D\u00e4gerlen) im Z\u00fcrcher Weinland.<\/p>\t\t\t\t\t\t<\/div>\n\t\t\t\t<\/div>\n\t\t\t\t\t<\/div>\n\t\t<\/div>\n\t\t\t\t\t\t\t<\/div>\n\t\t<\/section>\n\t\t\t\t\t<\/div>\n\t\t<\/div>\n\t\t\t\t\t\t\t<\/div>\n\t\t<\/section>\n\t\t\t\t\t\t<\/div>\n\t\t\t\t\t<\/div>\n\t\t","protected":false},"excerpt":{"rendered":"<p>Vinarius Freude &amp; Genuss Mehr erfahren Fr\u00fchjahrsdegustation 2026 Liebe Weinfreundinnen und Weinfreunde Nebst dem ersten Rosato Colombi 2025 von Degiorgis, einem Ros\u00e9 aus Nebbiolo und Pinot Nero meines Rebbergs, pr\u00e4sentieren wir zwei frische, elegante Weissweine des Jahrgangs 2025: den Casal del Piano von Ugolino und den Le Clos blanc von der Domaine Boudau. Von allen &hellip;<\/p>\n<p class=\"read-more\"> <a class=\"\" href=\"https:\/\/www.vinarius.ch\/\"> <span class=\"screen-reader-text\">Home<\/span> Read More &raquo;<\/a><\/p>\n","protected":false},"author":1,"featured_media":0,"parent":0,"menu_order":0,"comment_status":"closed","ping_status":"closed","template":"","meta":{"footnotes":""},"class_list":["post-540","page","type-page","status-publish","hentry"],"_links":{"self":[{"href":"https:\/\/www.vinarius.ch\/index.php?rest_route=\/wp\/v2\/pages\/540","targetHints":{"allow":["GET"]}}],"collection":[{"href":"https:\/\/www.vinarius.ch\/index.php?rest_route=\/wp\/v2\/pages"}],"about":[{"href":"https:\/\/www.vinarius.ch\/index.php?rest_route=\/wp\/v2\/types\/page"}],"author":[{"embeddable":true,"href":"https:\/\/www.vinarius.ch\/index.php?rest_route=\/wp\/v2\/users\/1"}],"replies":[{"embeddable":true,"href":"https:\/\/www.vinarius.ch\/index.php?rest_route=%2Fwp%2Fv2%2Fcomments&post=540"}],"version-history":[{"count":991,"href":"https:\/\/www.vinarius.ch\/index.php?rest_route=\/wp\/v2\/pages\/540\/revisions"}],"predecessor-version":[{"id":19141,"href":"https:\/\/www.vinarius.ch\/index.php?rest_route=\/wp\/v2\/pages\/540\/revisions\/19141"}],"wp:attachment":[{"href":"https:\/\/www.vinarius.ch\/index.php?rest_route=%2Fwp%2Fv2%2Fmedia&parent=540"}],"curies":[{"name":"wp","href":"https:\/\/api.w.org\/{rel}","templated":true}]}}